{"id":859,"date":"2024-08-15T14:06:11","date_gmt":"2024-08-15T12:06:11","guid":{"rendered":"http:\/\/clownettebabette.de\/wordpress\/?page_id=859"},"modified":"2026-02-13T11:04:39","modified_gmt":"2026-02-13T10:04:39","slug":"djane","status":"publish","type":"page","link":"https:\/\/clownettebabette.de\/wordpress\/index.php\/djane\/","title":{"rendered":"DJ"},"content":{"rendered":"\n<p>Ich begleite ihr Publikum charmant als DJane durch ihre privaten Feiern, auf eurem Festival, komme zu M\u00e4rkten, Hochzeiten, Vereinsfeiern, Promotiongigs, u.v.m.<\/p>\n\n\n\n<p>Hier tanzen Alt und Jung unbeschwert zusammen. Zu Rock\u00b4n`Roll, Swing, HipHop, Big Beat, Dubstep, 80er, 90er, Ska, Neue Deutsche Welle, Ostrock, Schlager, Indie, Neuerscheinungen, Punk, Metal, Softes, Kurioses, Bekanntes, Allerlei. Dabei orientiere ich mich stets am Auftraggeber und am Publikum. Sie k\u00f6nnen z.B. ausschliesslich Rock\u00b4n`Roll und Swing buchen. Mir geht das Herz auf, wenn all die sch\u00f6nen Menschen zwischen 2 und 90 Jahren tanzen und zappeln und swingen, und ich freue mich, dass ich dies schon h\u00e4ufig als DJane miterleben durfte.<\/p>\n\n\n\n<p>Zu mir:<\/p>\n\n\n\n<p>Ich lege auf seitdem ich 16 Jahre alt bin und habe eine s\u00fc\u00dfe Fangemeinde. Damals noch mit Platten und (ja tats\u00e4chlich) Kassetten,fast jeden Freitag in einem alternativen Zentrum. Damals war es Indie und Subpop. Inzwischen ist das Set weitaus flexibler und ich habe mit anderen Musikliebhaberinnen und auf meinen vielen Reisen viel sammeln und tauschen d\u00fcrfen. Nat\u00fcrlicherweise passe ich mich ihrer Gesellschaft an &#8211; ein Punksong auf einer Firmenfeier w\u00e4re schlie\u00dflich nicht unbedingt best fitting (es sei denn Sie sind der 1.FC St. Pauli oder \u00e4hnliches). Aufnahmen meiner bereits gespielten Sets k\u00f6nnen aufgrund der Urheberrechte leider nicht im Internet hochgeladen werden, aber ich kann sie Ihnen gerne zusenden. Ich stelle mich 100 % auf Sie und ihr Publikum ein und finde f\u00fcr jeden Moment den richtigen Beat. Ob auf einem grossen Fest, w\u00e4hrend ihrer Hochzeitszeremonie als Einspieler oder zur Party, meine gr\u00f6\u00dfte Freude ist und bleibt das Publikum.<\/p>\n\n\n\n<p>Ich komme zu Euch und Ihnen mit meinem technischen DJ-Equipement &#8211; die Anlage stellen sie als Veranstalter*in.<\/p>\n\n\n\n<p>Beispiel:&nbsp; <em>Top 12 \/ Wilde Party, wildes Publikum<\/em><\/p>\n\n\n\n<div class=\"wp-block-group is-nowrap is-layout-flex wp-container-core-group-is-layout-6c531013 wp-block-group-is-layout-flex\">\n<ul class=\"wp-block-list\">\n<li>Vaya con dios &#8211; Nah neh nah<\/li>\n\n\n\n<li>Janis Martin &#8211; My Boy Elvis<\/li>\n\n\n\n<li>Misirlou &#8211; Pulp Fiction Theme<\/li>\n\n\n\n<li>Deichkind &#8211; Remmidemmi<\/li>\n\n\n\n<li>Grossstastgefl\u00fcster &#8211; Ich will garnichts<\/li>\n\n\n\n<li>Gloria Gaynor&nbsp; &#8211; I will survive<\/li>\n\n\n\n<li>Queen &#8211; Bohemian Rapsody<\/li>\n\n\n\n<li>Elvis Presley &#8211; Jailhouse Rock<\/li>\n\n\n\n<li>Metallica\/Mot\u00f6rhead &#8211; Enter Sandman<\/li>\n\n\n\n<li>Billie Eilish&nbsp; &#8211; Bad Guy<\/li>\n\n\n\n<li>Sleaford Mods feat. Florence Shaw &#8211; Force 10 from Navarone<\/li>\n\n\n\n<li>Run DMC &#8211; It\u00b4s tricky<\/li>\n<\/ul>\n\n\n\n<figure data-wp-context=\"{&quot;imageId&quot;:&quot;69efb2e3897ae&quot;}\" data-wp-interactive=\"core\/image\" data-wp-key=\"69efb2e3897ae\" class=\"wp-block-image size-full wp-lightbox-container\"><img loading=\"lazy\" decoding=\"async\" width=\"223\" height=\"285\" data-wp-class--hide=\"state.isContentHidden\" data-wp-class--show=\"state.isContentVisible\" data-wp-init=\"callbacks.setButtonStyles\" data-wp-on--click=\"actions.showLightbox\" data-wp-on--load=\"callbacks.setButtonStyles\" data-wp-on-window--resize=\"callbacks.setButtonStyles\" src=\"https:\/\/clownettebabette.de\/wordpress\/wp-content\/uploads\/2012\/03\/Erdmann.jpg\" alt=\"\" class=\"wp-image-520\"\/><button\n\t\t\tclass=\"lightbox-trigger\"\n\t\t\ttype=\"button\"\n\t\t\taria-haspopup=\"dialog\"\n\t\t\taria-label=\"Vergr\u00f6\u00dfern\"\n\t\t\tdata-wp-init=\"callbacks.initTriggerButton\"\n\t\t\tdata-wp-on--click=\"actions.showLightbox\"\n\t\t\tdata-wp-style--right=\"state.imageButtonRight\"\n\t\t\tdata-wp-style--top=\"state.imageButtonTop\"\n\t\t>\n\t\t\t<svg xmlns=\"http:\/\/www.w3.org\/2000\/svg\" width=\"12\" height=\"12\" fill=\"none\" viewBox=\"0 0 12 12\">\n\t\t\t\t<path fill=\"#fff\" d=\"M2 0a2 2 0 0 0-2 2v2h1.5V2a.5.5 0 0 1 .5-.5h2V0H2Zm2 10.5H2a.5.5 0 0 1-.5-.5V8H0v2a2 2 0 0 0 2 2h2v-1.5ZM8 12v-1.5h2a.5.5 0 0 0 .5-.5V8H12v2a2 2 0 0 1-2 2H8Zm2-12a2 2 0 0 1 2 2v2h-1.5V2a.5.5 0 0 0-.5-.5H8V0h2Z\" \/>\n\t\t\t<\/svg>\n\t\t<\/button><\/figure>\n<\/div>\n\n\n\n<p><\/p>\n","protected":false},"excerpt":{"rendered":"<p>Ich begleite ihr Publikum charmant als DJane durch ihre privaten Feiern, auf eurem Festival, komme zu M\u00e4rkten, Hochzeiten, Vereinsfeiern, Promotiongigs, u.v.m. Hier tanzen Alt und Jung unbeschwert zusammen. Zu Rock\u00b4n`Roll, Swing, HipHop, Big Beat, Dubstep, 80er, 90er, Ska, Neue Deutsche Welle, Ostrock, Schlager, Indie, Neuerscheinungen, Punk, Metal, Softes, Kurioses, Bekanntes, Allerlei. Dabei orientiere ich mich [&hellip;]<\/p>\n","protected":false},"author":2,"featured_media":0,"parent":0,"menu_order":0,"comment_status":"closed","ping_status":"open","template":"","meta":{"footnotes":""},"class_list":["post-859","page","type-page","status-publish","hentry"],"_links":{"self":[{"href":"https:\/\/clownettebabette.de\/wordpress\/index.php\/wp-json\/wp\/v2\/pages\/859","targetHints":{"allow":["GET"]}}],"collection":[{"href":"https:\/\/clownettebabette.de\/wordpress\/index.php\/wp-json\/wp\/v2\/pages"}],"about":[{"href":"https:\/\/clownettebabette.de\/wordpress\/index.php\/wp-json\/wp\/v2\/types\/page"}],"author":[{"embeddable":true,"href":"https:\/\/clownettebabette.de\/wordpress\/index.php\/wp-json\/wp\/v2\/users\/2"}],"replies":[{"embeddable":true,"href":"https:\/\/clownettebabette.de\/wordpress\/index.php\/wp-json\/wp\/v2\/comments?post=859"}],"version-history":[{"count":9,"href":"https:\/\/clownettebabette.de\/wordpress\/index.php\/wp-json\/wp\/v2\/pages\/859\/revisions"}],"predecessor-version":[{"id":1049,"href":"https:\/\/clownettebabette.de\/wordpress\/index.php\/wp-json\/wp\/v2\/pages\/859\/revisions\/1049"}],"wp:attachment":[{"href":"https:\/\/clownettebabette.de\/wordpress\/index.php\/wp-json\/wp\/v2\/media?parent=859"}],"curies":[{"name":"wp","href":"https:\/\/api.w.org\/{rel}","templated":true}]}}