{"id":896,"date":"2012-02-26T22:28:28","date_gmt":"2012-02-26T22:28:28","guid":{"rendered":"http:\/\/clownettebabette.de\/wordpress\/?page_id=7"},"modified":"2026-01-05T23:00:24","modified_gmt":"2026-01-05T22:00:24","slug":"feuershows","status":"publish","type":"page","link":"https:\/\/clownettebabette.de\/wordpress\/index.php\/feuershows\/","title":{"rendered":"Feuershows"},"content":{"rendered":"\n<figure class=\"wp-block-image aligncenter is-resized\"><a href=\"https:\/\/clownettebabette.de\/wordpress\/wp-content\/uploads\/2012\/02\/5.jpg\"><img decoding=\"async\" src=\"https:\/\/clownettebabette.de\/wordpress\/wp-content\/uploads\/2012\/02\/5-300x199.jpg\" alt=\"\" style=\"width:550px;height:auto\" title=\"5\"\/><\/a><\/figure>\n\n\n\n<p>Wei\u00dfer Nebel zieht auf, spektakul\u00e4re Feuer-Figuren zeichnen sich gegen den dunklen Himmel, der K\u00f6rper tanzt wilde Spiralen aus Licht und Frohsinn. Das Publikum staunt ob solch unglaublicher visuellen Eindr\u00fccke.<\/p>\n\n\n\n<p>Das Besondere bei Babette ist, dass sie vielen unterschiedlichen \u201eSpielzeugen\u201c jongliert: Mit einem gro\u00dfen Stab, mit Devilsticks, mit Poi und Ropes. Dargeboten werden auch Zaubereien mit kleinen Flammen und nat\u00fcrlich darf die gespuckte Feuerfont\u00e4ne nicht fehlen.<\/p>\n\n\n\n<figure class=\"wp-block-image aligncenter is-resized\"><a href=\"https:\/\/clownettebabette.de\/wordpress\/wp-content\/uploads\/2012\/02\/XXXCafefeuer.jpg\"><img decoding=\"async\" src=\"https:\/\/clownettebabette.de\/wordpress\/wp-content\/uploads\/2012\/02\/XXXCaf%C3%A9feuer-300x199.jpg\" alt=\"\" class=\"wp-image-88\" style=\"width:534px;height:auto\" title=\"Feuerteufel\"\/><\/a><\/figure>\n\n\n\n<p>Shows von 20 bis 40 Minuten L\u00e4nge, als Piratin, Lady, Clown, Demonstrantin oder Verwandlungsk\u00fcnsterlin.<\/p>\n\n\n\n<p>Gerne passe ich mich ihren individuellen W\u00fcnschen an und spiele z.B. auf ihrer Hochzeit zu ihrer Lieblings-Musik. Buchen Sie auch gerne das gr\u00f6\u00dfere Paket aus zwei Shows aus verschiedenen Bereichen.\u00a0<\/p>\n\n\n\n<div class=\"wp-block-group is-content-justification-center is-nowrap is-layout-flex wp-container-core-group-is-layout-23441af8 wp-block-group-is-layout-flex\">\n<figure class=\"wp-block-image\"><a href=\"https:\/\/clownettebabette.de\/wordpress\/wp-content\/uploads\/2012\/02\/PICT0826.jpg\"><img loading=\"lazy\" decoding=\"async\" width=\"225\" height=\"300\" src=\"https:\/\/clownettebabette.de\/wordpress\/wp-content\/uploads\/2012\/02\/PICT0826-225x300.jpg\" alt=\"\" class=\"wp-image-86\" title=\"Er\u00f6ffnung Lampenladen\" srcset=\"https:\/\/clownettebabette.de\/wordpress\/wp-content\/uploads\/2012\/02\/PICT0826-225x300.jpg 225w, https:\/\/clownettebabette.de\/wordpress\/wp-content\/uploads\/2012\/02\/PICT0826-768x1024.jpg 768w, https:\/\/clownettebabette.de\/wordpress\/wp-content\/uploads\/2012\/02\/PICT0826-1152x1536.jpg 1152w, https:\/\/clownettebabette.de\/wordpress\/wp-content\/uploads\/2012\/02\/PICT0826-1536x2048.jpg 1536w, https:\/\/clownettebabette.de\/wordpress\/wp-content\/uploads\/2012\/02\/PICT0826-scaled.jpg 1920w\" sizes=\"auto, (max-width: 225px) 100vw, 225px\" \/><\/a><\/figure>\n\n\n\n<figure class=\"wp-block-image\"><a href=\"https:\/\/clownettebabette.de\/wordpress\/wp-content\/uploads\/2012\/02\/Babette1.jpg\"><img loading=\"lazy\" decoding=\"async\" width=\"216\" height=\"300\" src=\"https:\/\/clownettebabette.de\/wordpress\/wp-content\/uploads\/2012\/02\/Babette1-216x300.jpg\" alt=\"\" class=\"wp-image-85\" title=\"Charlottenburger Wohnbaugesellschaft\" srcset=\"https:\/\/clownettebabette.de\/wordpress\/wp-content\/uploads\/2012\/02\/Babette1-216x300.jpg 216w, https:\/\/clownettebabette.de\/wordpress\/wp-content\/uploads\/2012\/02\/Babette1-738x1024.jpg 738w, https:\/\/clownettebabette.de\/wordpress\/wp-content\/uploads\/2012\/02\/Babette1-768x1066.jpg 768w, https:\/\/clownettebabette.de\/wordpress\/wp-content\/uploads\/2012\/02\/Babette1-1107x1536.jpg 1107w, https:\/\/clownettebabette.de\/wordpress\/wp-content\/uploads\/2012\/02\/Babette1-1475x2048.jpg 1475w, https:\/\/clownettebabette.de\/wordpress\/wp-content\/uploads\/2012\/02\/Babette1.jpg 1701w\" sizes=\"auto, (max-width: 216px) 100vw, 216px\" \/><\/a><\/figure>\n\n\n\n<figure class=\"wp-block-image\"><a href=\"https:\/\/clownettebabette.de\/wordpress\/wp-content\/uploads\/2012\/02\/U-spin-me-right-round-baby.jpg\"><img decoding=\"async\" src=\"https:\/\/clownettebabette.de\/wordpress\/wp-content\/uploads\/2012\/02\/U-spin-me-right-round-baby-192x300.jpg\" alt=\"\" class=\"wp-image-87\" title=\"U spin me right round, baby\"\/><\/a><\/figure>\n<\/div>\n\n\n\n<p><\/p>\n","protected":false},"excerpt":{"rendered":"<p>Wei\u00dfer Nebel zieht auf, spektakul\u00e4re Feuer-Figuren zeichnen sich gegen den dunklen Himmel, der K\u00f6rper tanzt wilde Spiralen aus Licht und Frohsinn. Das Publikum staunt ob solch unglaublicher visuellen Eindr\u00fccke. Das Besondere bei Babette ist, dass sie vielen unterschiedlichen \u201eSpielzeugen\u201c jongliert: Mit einem gro\u00dfen Stab, mit Devilsticks, mit Poi und Ropes. Dargeboten werden auch Zaubereien mit [&hellip;]<\/p>\n","protected":false},"author":1,"featured_media":0,"parent":0,"menu_order":0,"comment_status":"open","ping_status":"open","template":"","meta":{"footnotes":""},"class_list":["post-896","page","type-page","status-publish","hentry"],"_links":{"self":[{"href":"https:\/\/clownettebabette.de\/wordpress\/index.php\/wp-json\/wp\/v2\/pages\/896","targetHints":{"allow":["GET"]}}],"collection":[{"href":"https:\/\/clownettebabette.de\/wordpress\/index.php\/wp-json\/wp\/v2\/pages"}],"about":[{"href":"https:\/\/clownettebabette.de\/wordpress\/index.php\/wp-json\/wp\/v2\/types\/page"}],"author":[{"embeddable":true,"href":"https:\/\/clownettebabette.de\/wordpress\/index.php\/wp-json\/wp\/v2\/users\/1"}],"replies":[{"embeddable":true,"href":"https:\/\/clownettebabette.de\/wordpress\/index.php\/wp-json\/wp\/v2\/comments?post=896"}],"version-history":[{"count":2,"href":"https:\/\/clownettebabette.de\/wordpress\/index.php\/wp-json\/wp\/v2\/pages\/896\/revisions"}],"predecessor-version":[{"id":987,"href":"https:\/\/clownettebabette.de\/wordpress\/index.php\/wp-json\/wp\/v2\/pages\/896\/revisions\/987"}],"wp:attachment":[{"href":"https:\/\/clownettebabette.de\/wordpress\/index.php\/wp-json\/wp\/v2\/media?parent=896"}],"curies":[{"name":"wp","href":"https:\/\/api.w.org\/{rel}","templated":true}]}}